{"id":5798,"date":"2024-07-22T17:18:22","date_gmt":"2024-07-22T15:18:22","guid":{"rendered":"https:\/\/adeline-trenkenschuh.de\/?page_id=5798"},"modified":"2025-07-09T09:08:09","modified_gmt":"2025-07-09T07:08:09","slug":"blog","status":"publish","type":"page","link":"https:\/\/adeline-trenkenschuh.de\/de_de\/blog","title":{"rendered":"Blog"},"content":{"rendered":"\t\t<div data-elementor-type=\"wp-page\" data-elementor-id=\"5798\" class=\"elementor elementor-5798\">\n\t\t\t\t<div class=\"elementor-element elementor-element-dfd36d2 e-flex e-con-boxed wpr-particle-no wpr-jarallax-no wpr-parallax-no wpr-sticky-section-no wpr-equal-height-no e-con e-parent\" data-id=\"dfd36d2\" data-element_type=\"container\" data-e-type=\"container\" data-settings=\"{&quot;background_background&quot;:&quot;classic&quot;}\">\n\t\t\t\t\t<div class=\"e-con-inner\">\n\t\t\t\t<div class=\"elementor-element elementor-element-93681c0 elementor-widget elementor-widget-spacer\" data-id=\"93681c0\" data-element_type=\"widget\" data-e-type=\"widget\" data-widget_type=\"spacer.default\">\n\t\t\t\t\t\t\t<div class=\"elementor-spacer\">\n\t\t\t<div class=\"elementor-spacer-inner\"><\/div>\n\t\t<\/div>\n\t\t\t\t\t\t<\/div>\n\t\t\t\t<div class=\"elementor-element elementor-element-d7e1f07 elementor-widget elementor-widget-heading\" data-id=\"d7e1f07\" data-element_type=\"widget\" data-e-type=\"widget\" data-widget_type=\"heading.default\">\n\t\t\t\t\t<h2 class=\"elementor-heading-title elementor-size-default\">Willkommen auf meinem Beauty-Blog \u2013 dein Ort f\u00fcr Wissen, Inspiration &amp; Erfolg im Studioalltag\n\n<\/h2>\t\t\t\t<\/div>\n\t\t\t\t\t<\/div>\n\t\t\t\t<\/div>\n\t\t<div class=\"elementor-element elementor-element-700f6e0 e-flex e-con-boxed wpr-particle-no wpr-jarallax-no wpr-parallax-no wpr-sticky-section-no wpr-equal-height-no e-con e-parent\" data-id=\"700f6e0\" data-element_type=\"container\" data-e-type=\"container\">\n\t\t\t\t\t<div class=\"e-con-inner\">\n\t\t\t\t<div class=\"elementor-element elementor-element-c5baa1f elementor-widget elementor-widget-spacer\" data-id=\"c5baa1f\" data-element_type=\"widget\" data-e-type=\"widget\" data-widget_type=\"spacer.default\">\n\t\t\t\t\t\t\t<div class=\"elementor-spacer\">\n\t\t\t<div class=\"elementor-spacer-inner\"><\/div>\n\t\t<\/div>\n\t\t\t\t\t\t<\/div>\n\t\t<div class=\"elementor-element elementor-element-0659449 e-con-full e-flex wpr-particle-no wpr-jarallax-no wpr-parallax-no wpr-sticky-section-no wpr-equal-height-no e-con e-child\" data-id=\"0659449\" data-element_type=\"container\" data-e-type=\"container\">\n\t\t\t\t<div class=\"elementor-element elementor-element-2b78afb elementor-widget elementor-widget-image\" data-id=\"2b78afb\" data-element_type=\"widget\" data-e-type=\"widget\" data-widget_type=\"image.default\">\n\t\t\t\t\t\t\t\t\t\t\t\t\t\t\t<img fetchpriority=\"high\" decoding=\"async\" width=\"467\" height=\"700\" src=\"https:\/\/adeline-trenkenschuh.de\/wp-content\/uploads\/2023\/11\/Glue_Balm_klein.jpg\" class=\"attachment-large size-large wp-image-3941\" alt=\"Adeline Trenkenschuh Blog Bild in der die Lashlifting Expertin Glue Balm hochhebt und zeigt\" srcset=\"https:\/\/adeline-trenkenschuh.de\/wp-content\/uploads\/2023\/11\/Glue_Balm_klein.jpg 467w, https:\/\/adeline-trenkenschuh.de\/wp-content\/uploads\/2023\/11\/Glue_Balm_klein-200x300.jpg 200w\" sizes=\"(max-width: 467px) 100vw, 467px\" \/>\t\t\t\t\t\t\t\t\t\t\t\t\t\t\t<\/div>\n\t\t\t\t<\/div>\n\t\t\t\t<div class=\"elementor-element elementor-element-cda2383 elementor-widget elementor-widget-text-editor\" data-id=\"cda2383\" data-element_type=\"widget\" data-e-type=\"widget\" data-widget_type=\"text-editor.default\">\n\t\t\t\t\t\t\t\t\t<p>\u00a0<\/p><p>Du liebst Lashliftings genauso wie ich? Dann bist du hier genau richtig!<\/p><p>In diesem Blog teile ich mit dir mein Fachwissen, exklusive Tipps &amp; Tricks aus der Praxis und aktuelle Trends rund um das Thema Wimpernlifting. Ob du dein Studio optimieren, deinen Kundenservice verbessern oder dich einfach weiterentwickeln m\u00f6chtest \u2013 hier findest du wertvolle Inhalte, die dich als Kosmetikerin und Lash-Artistin wirklich weiterbringen.<\/p><p>Mit meiner langj\u00e4hrigen Erfahrung im eigenen Studio und als Trainerin f\u00fcr professionelle Lashlifting-Kurse m\u00f6chte ich dir praxisnahe Einblicke geben, die dich in deinem Studio-Alltag unterst\u00fctzen \u2013 ganz ohne Sch\u00f6nrederei, sondern ehrlich, direkt und auf den Punkt.<\/p><p>\ud83d\udc8c Tipp: Wenn du keine neuen Beitr\u00e4ge verpassen m\u00f6chtest, melde dich direkt zu meinem Newsletter an und bleib immer up to date.<\/p><p>Viel Freude beim St\u00f6bern &amp; Entdecken!<\/p><p>Deine Adeline<\/p>\t\t\t\t\t\t\t\t<\/div>\n\t\t\t\t\t<\/div>\n\t\t\t\t<\/div>\n\t\t<div class=\"elementor-element elementor-element-0ac88de e-flex e-con-boxed wpr-particle-no wpr-jarallax-no wpr-parallax-no wpr-sticky-section-no wpr-equal-height-no e-con e-parent\" data-id=\"0ac88de\" data-element_type=\"container\" data-e-type=\"container\" data-settings=\"{&quot;background_background&quot;:&quot;classic&quot;}\">\n\t\t\t\t\t<div class=\"e-con-inner\">\n\t\t\t\t<div class=\"elementor-element elementor-element-9b7a928 elementor-widget elementor-widget-spacer\" data-id=\"9b7a928\" data-element_type=\"widget\" data-e-type=\"widget\" data-widget_type=\"spacer.default\">\n\t\t\t\t\t\t\t<div class=\"elementor-spacer\">\n\t\t\t<div class=\"elementor-spacer-inner\"><\/div>\n\t\t<\/div>\n\t\t\t\t\t\t<\/div>\n\t\t\t\t<div class=\"elementor-element elementor-element-e19f665 elementor-widget elementor-widget-wpr-magazine-grid\" data-id=\"e19f665\" data-element_type=\"widget\" data-e-type=\"widget\" data-widget_type=\"wpr-magazine-grid.default\">\n\t\t\t\t\t<div class=\"wpr-magazine-grid-wrap\"  data-slide-effect=\"\"><section class=\"wpr-magazine-grid wpr-mgzn-grid-2-h wpr-mgzn-grid-rows-1\"><article class=\"wpr-mgzn-grid-item elementor-clearfix post-10010 post type-post status-publish format-standard has-post-thumbnail hentry category-studio\"><div class=\"wpr-grid-item-inner\"><div class=\"wpr-grid-media-wrap\" data-overlay-link=\"yes\"><div class=\"wpr-grid-image-wrap\" data-src=\"https:\/\/adeline-trenkenschuh.de\/wp-content\/uploads\/2024\/07\/adeline-blog-1.jpg\" style=\"background-image: url(https:\/\/adeline-trenkenschuh.de\/wp-content\/uploads\/2024\/07\/adeline-blog-1.jpg)\"><\/div><div class=\"wpr-grid-media-hover wpr-animation-wrap\"><div class=\"wpr-grid-media-hover-bg  wpr-overlay-fade-out wpr-anim-size-medium wpr-anim-timing-ease-default wpr-anim-transparency\" data-url=\"https:\/\/adeline-trenkenschuh.de\/de_de\/hygiene-im-kosmetikstudio\"><\/div><div class=\"wpr-grid-media-hover-bottom elementor-clearfix\"><div class=\"wpr-grid-item-category elementor-repeater-item-6a4f608 wpr-grid-item-display-block wpr-grid-item-align-left wpr-pointer-none wpr-pointer-line-fx wpr-pointer-fx-fade wpr-grid-tax-style-1\"><div class=\"inner-block\"><a class=\" wpr-tax-id-1\" href=\"https:\/\/adeline-trenkenschuh.de\/de_de\/category\/studio\">Studio<\/a><\/div><\/div><h2 class=\"wpr-grid-item-title elementor-repeater-item-706d5ff wpr-grid-item-display-block wpr-grid-item-align-left wpr-pointer-none wpr-pointer-line-fx wpr-pointer-fx-fade\"><div class=\"inner-block\"><a  target=\"_self\"  href=\"https:\/\/adeline-trenkenschuh.de\/de_de\/hygiene-im-kosmetikstudio\">Hygiene im Kosmetikstudio<\/a><\/div><\/h2><div class=\"wpr-grid-item-author elementor-repeater-item-66f1caf wpr-grid-item-display-inline wpr-grid-item-align-left\"><div class=\"inner-block\"><a href=\"https:\/\/adeline-trenkenschuh.de\/de_de\/author\/adeline-trenkenschuh\"><span>adeline-trenkenschuh<\/span><\/a><\/div><\/div><div class=\"wpr-grid-item-separator elementor-repeater-item-9df7d51 wpr-grid-item-display-inline wpr-grid-item-align-left wpr-grid-sep-style-1\"><div class=\"inner-block\"><span><\/span><\/div><\/div><div class=\"wpr-grid-item-date elementor-repeater-item-0d01b9e wpr-grid-item-display-inline wpr-grid-item-align-left\"><div class=\"inner-block\"><span>Juli 9, 2025<\/span><\/div><\/div><\/div><\/div><\/div><\/div><\/article><article class=\"wpr-mgzn-grid-item elementor-clearfix post-9979 post type-post status-publish format-standard has-post-thumbnail hentry category-studio\"><div class=\"wpr-grid-item-inner\"><div class=\"wpr-grid-media-wrap\" data-overlay-link=\"yes\"><div class=\"wpr-grid-image-wrap\" data-src=\"https:\/\/adeline-trenkenschuh.de\/wp-content\/uploads\/2025\/07\/Close-up-of-woman-on-a-beach-in-summer-1.jpg\" style=\"background-image: url(https:\/\/adeline-trenkenschuh.de\/wp-content\/uploads\/2025\/07\/Close-up-of-woman-on-a-beach-in-summer-1.jpg)\"><\/div><div class=\"wpr-grid-media-hover wpr-animation-wrap\"><div class=\"wpr-grid-media-hover-bg  wpr-overlay-fade-out wpr-anim-size-medium wpr-anim-timing-ease-default wpr-anim-transparency\" data-url=\"https:\/\/adeline-trenkenschuh.de\/de_de\/sommer-sonne-lashliebe-2\"><\/div><div class=\"wpr-grid-media-hover-bottom elementor-clearfix\"><div class=\"wpr-grid-item-category elementor-repeater-item-6a4f608 wpr-grid-item-display-block wpr-grid-item-align-left wpr-pointer-none wpr-pointer-line-fx wpr-pointer-fx-fade wpr-grid-tax-style-1\"><div class=\"inner-block\"><a class=\" wpr-tax-id-1\" href=\"https:\/\/adeline-trenkenschuh.de\/de_de\/category\/studio\">Studio<\/a><\/div><\/div><h2 class=\"wpr-grid-item-title elementor-repeater-item-706d5ff wpr-grid-item-display-block wpr-grid-item-align-left wpr-pointer-none wpr-pointer-line-fx wpr-pointer-fx-fade\"><div class=\"inner-block\"><a  target=\"_self\"  href=\"https:\/\/adeline-trenkenschuh.de\/de_de\/sommer-sonne-lashliebe-2\">Sommer, Sonne, Lashliebe!<\/a><\/div><\/h2><div class=\"wpr-grid-item-author elementor-repeater-item-66f1caf wpr-grid-item-display-inline wpr-grid-item-align-left\"><div class=\"inner-block\"><a href=\"https:\/\/adeline-trenkenschuh.de\/de_de\/author\/adeline-trenkenschuh\"><span>adeline-trenkenschuh<\/span><\/a><\/div><\/div><div class=\"wpr-grid-item-separator elementor-repeater-item-9df7d51 wpr-grid-item-display-inline wpr-grid-item-align-left wpr-grid-sep-style-1\"><div class=\"inner-block\"><span><\/span><\/div><\/div><div class=\"wpr-grid-item-date elementor-repeater-item-0d01b9e wpr-grid-item-display-inline wpr-grid-item-align-left\"><div class=\"inner-block\"><span>Juli 9, 2025<\/span><\/div><\/div><\/div><\/div><\/div><\/div><\/article><\/section><\/div>\t\t\t\t<\/div>\n\t\t\t\t\t<\/div>\n\t\t\t\t<\/div>\n\t\t<div class=\"elementor-element elementor-element-c49f9cd e-flex e-con-boxed wpr-particle-no wpr-jarallax-no wpr-parallax-no wpr-sticky-section-no wpr-equal-height-no e-con e-parent\" data-id=\"c49f9cd\" data-element_type=\"container\" data-e-type=\"container\" data-settings=\"{&quot;background_background&quot;:&quot;classic&quot;}\">\n\t\t\t\t\t<div class=\"e-con-inner\">\n\t\t\t\t<div class=\"elementor-element elementor-element-0d8bd8a elementor-widget elementor-widget-spacer\" data-id=\"0d8bd8a\" data-element_type=\"widget\" data-e-type=\"widget\" data-widget_type=\"spacer.default\">\n\t\t\t\t\t\t\t<div class=\"elementor-spacer\">\n\t\t\t<div class=\"elementor-spacer-inner\"><\/div>\n\t\t<\/div>\n\t\t\t\t\t\t<\/div>\n\t\t\t\t\t<\/div>\n\t\t\t\t<\/div>\n\t\t\t\t<\/div>\n\t\t","protected":false},"excerpt":{"rendered":"<p>Willkommen auf meinem Beauty-Blog \u2013 dein Ort f\u00fcr Wissen, Inspiration &amp; Erfolg im Studioalltag \u00a0 Du liebst Lashliftings genauso wie ich? Dann bist du hier genau richtig! In diesem Blog teile ich mit dir mein Fachwissen, exklusive Tipps &amp; Tricks aus der Praxis und aktuelle Trends rund um das Thema Wimpernlifting. Ob du dein Studio optimieren, deinen Kundenservice verbessern oder dich einfach weiterentwickeln m\u00f6chtest \u2013 hier findest du wertvolle Inhalte, die dich als Kosmetikerin und Lash-Artistin wirklich weiterbringen. Mit meiner langj\u00e4hrigen Erfahrung im eigenen Studio und als Trainerin f\u00fcr professionelle Lashlifting-Kurse m\u00f6chte ich dir praxisnahe Einblicke geben, die dich in deinem Studio-Alltag unterst\u00fctzen \u2013 ganz ohne Sch\u00f6nrederei, sondern ehrlich, direkt und auf den Punkt. \ud83d\udc8c Tipp: Wenn du keine neuen Beitr\u00e4ge verpassen m\u00f6chtest, melde dich direkt zu meinem Newsletter an und bleib immer up to date. Viel Freude beim St\u00f6bern &amp; Entdecken! Deine Adeline Studio Sommer, Sonne, Lashliebe! adeline-trenkenschuhJuli 9, 2025 Studio Hygiene im Kosmetikstudio \u2013 Das musst du wissen! adeline-trenkenschuhJuli 22, 2024<\/p>\n","protected":false},"author":1,"featured_media":0,"parent":0,"menu_order":0,"comment_status":"closed","ping_status":"closed","template":"elementor_canvas","meta":{"footnotes":""},"class_list":["post-5798","page","type-page","status-publish","hentry"],"_links":{"self":[{"href":"https:\/\/adeline-trenkenschuh.de\/de_de\/wp-json\/wp\/v2\/pages\/5798","targetHints":{"allow":["GET"]}}],"collection":[{"href":"https:\/\/adeline-trenkenschuh.de\/de_de\/wp-json\/wp\/v2\/pages"}],"about":[{"href":"https:\/\/adeline-trenkenschuh.de\/de_de\/wp-json\/wp\/v2\/types\/page"}],"author":[{"embeddable":true,"href":"https:\/\/adeline-trenkenschuh.de\/de_de\/wp-json\/wp\/v2\/users\/1"}],"replies":[{"embeddable":true,"href":"https:\/\/adeline-trenkenschuh.de\/de_de\/wp-json\/wp\/v2\/comments?post=5798"}],"version-history":[{"count":0,"href":"https:\/\/adeline-trenkenschuh.de\/de_de\/wp-json\/wp\/v2\/pages\/5798\/revisions"}],"wp:attachment":[{"href":"https:\/\/adeline-trenkenschuh.de\/de_de\/wp-json\/wp\/v2\/media?parent=5798"}],"curies":[{"name":"wp","href":"https:\/\/api.w.org\/{rel}","templated":true}]}}

<div data-elementor-type="wp-page" data-elementor-id="5798" class="elementor elementor-5798">
				<div class="elementor-element elementor-element-dfd36d2 e-flex e-con-boxed wpr-particle-no wpr-jarallax-no wpr-parallax-no wpr-sticky-section-no wpr-equal-height-no e-con e-parent" data-id="dfd36d2" data-element_type="container" data-e-type="container" data-settings="{&quot;background_background&quot;:&quot;classic&quot;}">
					<div class="e-con-inner">
				<div class="elementor-element elementor-element-93681c0 elementor-widget elementor-widget-spacer" data-id="93681c0" data-element_type="widget" data-e-type="widget" data-widget_type="spacer.default">
							<div class="elementor-spacer">
			<div class="elementor-spacer-inner"></div>
		</div>
						</div>
				<div class="elementor-element elementor-element-d7e1f07 elementor-widget elementor-widget-heading" data-id="d7e1f07" data-element_type="widget" data-e-type="widget" data-widget_type="heading.default">
					<h2 class="elementor-heading-title elementor-size-default">Willkommen auf meinem Beauty-Blog – dein Ort für Wissen, Inspiration &amp; Erfolg im Studioalltag

</h2>				</div>
					</div>
				</div>
		<div class="elementor-element elementor-element-700f6e0 e-flex e-con-boxed wpr-particle-no wpr-jarallax-no wpr-parallax-no wpr-sticky-section-no wpr-equal-height-no e-con e-parent" data-id="700f6e0" data-element_type="container" data-e-type="container">
					<div class="e-con-inner">
				<div class="elementor-element elementor-element-c5baa1f elementor-widget elementor-widget-spacer" data-id="c5baa1f" data-element_type="widget" data-e-type="widget" data-widget_type="spacer.default">
							<div class="elementor-spacer">
			<div class="elementor-spacer-inner"></div>
		</div>
						</div>
		<div class="elementor-element elementor-element-0659449 e-con-full e-flex wpr-particle-no wpr-jarallax-no wpr-parallax-no wpr-sticky-section-no wpr-equal-height-no e-con e-child" data-id="0659449" data-element_type="container" data-e-type="container">
				<div class="elementor-element elementor-element-2b78afb elementor-widget elementor-widget-image" data-id="2b78afb" data-element_type="widget" data-e-type="widget" data-widget_type="image.default">
															<img fetchpriority="high" decoding="async" width="467" height="700" src="https://adeline-trenkenschuh.de/wp-content/uploads/2023/11/Glue_Balm_klein.jpg" class="attachment-large size-large wp-image-3941" alt="Adeline Trenkenschuh Blog Bild in der die Lashlifting Expertin Glue Balm hochhebt und zeigt" srcset="https://adeline-trenkenschuh.de/wp-content/uploads/2023/11/Glue_Balm_klein.jpg 467w, https://adeline-trenkenschuh.de/wp-content/uploads/2023/11/Glue_Balm_klein-200x300.jpg 200w" sizes="(max-width: 467px) 100vw, 467px" />															</div>
				</div>
				<div class="elementor-element elementor-element-cda2383 elementor-widget elementor-widget-text-editor" data-id="cda2383" data-element_type="widget" data-e-type="widget" data-widget_type="text-editor.default">
									<p> </p><p>Du liebst Lashliftings genauso wie ich? Dann bist du hier genau richtig!</p><p>In diesem Blog teile ich mit dir mein Fachwissen, exklusive Tipps &amp; Tricks aus der Praxis und aktuelle Trends rund um das Thema Wimpernlifting. Ob du dein Studio optimieren, deinen Kundenservice verbessern oder dich einfach weiterentwickeln möchtest – hier findest du wertvolle Inhalte, die dich als Kosmetikerin und Lash-Artistin wirklich weiterbringen.</p><p>Mit meiner langjährigen Erfahrung im eigenen Studio und als Trainerin für professionelle Lashlifting-Kurse möchte ich dir praxisnahe Einblicke geben, die dich in deinem Studio-Alltag unterstützen – ganz ohne Schönrederei, sondern ehrlich, direkt und auf den Punkt.</p><p>💌 Tipp: Wenn du keine neuen Beiträge verpassen möchtest, melde dich direkt zu meinem Newsletter an und bleib immer up to date.</p><p>Viel Freude beim Stöbern &amp; Entdecken!</p><p>Deine Adeline</p>								</div>
					</div>
				</div>
		<div class="elementor-element elementor-element-0ac88de e-flex e-con-boxed wpr-particle-no wpr-jarallax-no wpr-parallax-no wpr-sticky-section-no wpr-equal-height-no e-con e-parent" data-id="0ac88de" data-element_type="container" data-e-type="container" data-settings="{&quot;background_background&quot;:&quot;classic&quot;}">
					<div class="e-con-inner">
				<div class="elementor-element elementor-element-9b7a928 elementor-widget elementor-widget-spacer" data-id="9b7a928" data-element_type="widget" data-e-type="widget" data-widget_type="spacer.default">
							<div class="elementor-spacer">
			<div class="elementor-spacer-inner"></div>
		</div>
						</div>
				<div class="elementor-element elementor-element-e19f665 elementor-widget elementor-widget-wpr-magazine-grid" data-id="e19f665" data-element_type="widget" data-e-type="widget" data-widget_type="wpr-magazine-grid.default">
					<div class="wpr-magazine-grid-wrap"  data-slide-effect=""><section class="wpr-magazine-grid wpr-mgzn-grid-2-h wpr-mgzn-grid-rows-1"><article class="wpr-mgzn-grid-item elementor-clearfix post-10010 post type-post status-publish format-standard has-post-thumbnail hentry category-studio"><div class="wpr-grid-item-inner"><div class="wpr-grid-media-wrap" data-overlay-link="yes"><div class="wpr-grid-image-wrap" data-src="https://adeline-trenkenschuh.de/wp-content/uploads/2024/07/adeline-blog-1.jpg" style="background-image: url(https://adeline-trenkenschuh.de/wp-content/uploads/2024/07/adeline-blog-1.jpg)"></div><div class="wpr-grid-media-hover wpr-animation-wrap"><div class="wpr-grid-media-hover-bg  wpr-overlay-fade-out wpr-anim-size-medium wpr-anim-timing-ease-default wpr-anim-transparency" data-url="https://adeline-trenkenschuh.de/de_de/hygiene-im-kosmetikstudio"></div><div class="wpr-grid-media-hover-bottom elementor-clearfix"><div class="wpr-grid-item-category elementor-repeater-item-6a4f608 wpr-grid-item-display-block wpr-grid-item-align-left wpr-pointer-none wpr-pointer-line-fx wpr-pointer-fx-fade wpr-grid-tax-style-1"><div class="inner-block"><a class=" wpr-tax-id-1" href="https://adeline-trenkenschuh.de/de_de/category/studio">Studio</a></div></div><h2 class="wpr-grid-item-title elementor-repeater-item-706d5ff wpr-grid-item-display-block wpr-grid-item-align-left wpr-pointer-none wpr-pointer-line-fx wpr-pointer-fx-fade"><div class="inner-block"><a  target="_self"  href="https://adeline-trenkenschuh.de/de_de/hygiene-im-kosmetikstudio">Hygiene im Kosmetikstudio</a></div></h2><div class="wpr-grid-item-author elementor-repeater-item-66f1caf wpr-grid-item-display-inline wpr-grid-item-align-left"><div class="inner-block"><a href="https://adeline-trenkenschuh.de/de_de/author/adeline-trenkenschuh"><span>adeline-trenkenschuh</span></a></div></div><div class="wpr-grid-item-separator elementor-repeater-item-9df7d51 wpr-grid-item-display-inline wpr-grid-item-align-left wpr-grid-sep-style-1"><div class="inner-block"><span></span></div></div><div class="wpr-grid-item-date elementor-repeater-item-0d01b9e wpr-grid-item-display-inline wpr-grid-item-align-left"><div class="inner-block"><span>Juli 9, 2025</span></div></div></div></div></div></div></article><article class="wpr-mgzn-grid-item elementor-clearfix post-9979 post type-post status-publish format-standard has-post-thumbnail hentry category-studio"><div class="wpr-grid-item-inner"><div class="wpr-grid-media-wrap" data-overlay-link="yes"><div class="wpr-grid-image-wrap" data-src="https://adeline-trenkenschuh.de/wp-content/uploads/2025/07/Close-up-of-woman-on-a-beach-in-summer-1.jpg" style="background-image: url(https://adeline-trenkenschuh.de/wp-content/uploads/2025/07/Close-up-of-woman-on-a-beach-in-summer-1.jpg)"></div><div class="wpr-grid-media-hover wpr-animation-wrap"><div class="wpr-grid-media-hover-bg  wpr-overlay-fade-out wpr-anim-size-medium wpr-anim-timing-ease-default wpr-anim-transparency" data-url="https://adeline-trenkenschuh.de/de_de/sommer-sonne-lashliebe-2"></div><div class="wpr-grid-media-hover-bottom elementor-clearfix"><div class="wpr-grid-item-category elementor-repeater-item-6a4f608 wpr-grid-item-display-block wpr-grid-item-align-left wpr-pointer-none wpr-pointer-line-fx wpr-pointer-fx-fade wpr-grid-tax-style-1"><div class="inner-block"><a class=" wpr-tax-id-1" href="https://adeline-trenkenschuh.de/de_de/category/studio">Studio</a></div></div><h2 class="wpr-grid-item-title elementor-repeater-item-706d5ff wpr-grid-item-display-block wpr-grid-item-align-left wpr-pointer-none wpr-pointer-line-fx wpr-pointer-fx-fade"><div class="inner-block"><a  target="_self"  href="https://adeline-trenkenschuh.de/de_de/sommer-sonne-lashliebe-2">Sommer, Sonne, Lashliebe!</a></div></h2><div class="wpr-grid-item-author elementor-repeater-item-66f1caf wpr-grid-item-display-inline wpr-grid-item-align-left"><div class="inner-block"><a href="https://adeline-trenkenschuh.de/de_de/author/adeline-trenkenschuh"><span>adeline-trenkenschuh</span></a></div></div><div class="wpr-grid-item-separator elementor-repeater-item-9df7d51 wpr-grid-item-display-inline wpr-grid-item-align-left wpr-grid-sep-style-1"><div class="inner-block"><span></span></div></div><div class="wpr-grid-item-date elementor-repeater-item-0d01b9e wpr-grid-item-display-inline wpr-grid-item-align-left"><div class="inner-block"><span>Juli 9, 2025</span></div></div></div></div></div></div></article></section></div>				</div>
					</div>
				</div>
		<div class="elementor-element elementor-element-c49f9cd e-flex e-con-boxed wpr-particle-no wpr-jarallax-no wpr-parallax-no wpr-sticky-section-no wpr-equal-height-no e-con e-parent" data-id="c49f9cd" data-element_type="container" data-e-type="container" data-settings="{&quot;background_background&quot;:&quot;classic&quot;}">
					<div class="e-con-inner">
				<div class="elementor-element elementor-element-0d8bd8a elementor-widget elementor-widget-spacer" data-id="0d8bd8a" data-element_type="widget" data-e-type="widget" data-widget_type="spacer.default">
							<div class="elementor-spacer">
			<div class="elementor-spacer-inner"></div>
		</div>
						</div>
					</div>
				</div>
				</div>

<p>Willkommen auf meinem Beauty-Blog – dein Ort für Wissen, Inspiration &amp; Erfolg im Studioalltag   Du liebst Lashliftings genauso wie ich? Dann bist du hier genau richtig! In diesem Blog teile ich mit dir mein Fachwissen, exklusive Tipps &amp; Tricks aus der Praxis und aktuelle Trends rund um das Thema Wimpernlifting. Ob du dein Studio optimieren, deinen Kundenservice verbessern oder dich einfach weiterentwickeln möchtest – hier findest du wertvolle Inhalte, die dich als Kosmetikerin und Lash-Artistin wirklich weiterbringen. Mit meiner langjährigen Erfahrung im eigenen Studio und als Trainerin für professionelle Lashlifting-Kurse möchte ich dir praxisnahe Einblicke geben, die dich in deinem Studio-Alltag unterstützen – ganz ohne Schönrederei, sondern ehrlich, direkt und auf den Punkt. 💌 Tipp: Wenn du keine neuen Beiträge verpassen möchtest, melde dich direkt zu meinem Newsletter an und bleib immer up to date. Viel Freude beim Stöbern &amp; Entdecken! Deine Adeline Studio Sommer, Sonne, Lashliebe! adeline-trenkenschuhJuli 9, 2025 Studio Hygiene im Kosmetikstudio – Das musst du wissen! adeline-trenkenschuhJuli 22, 2024</p>
